j?
2, 13
Let o(j) = -4*j + 11. Let i be o(-2). Let z = i + -16. List the prime factors of z.
3
Let s(j) = 12*j + 54. What are the prime factors of s(7)?
2, 3, 23
Let u(l) = 2*l**2 + 9*l + 6. Let x be u(-4). Let g(r) = 7*r - 1. Let a be g(x). Suppose y - 29 = -3*j, -y + a = -j - 4. What are the prime factors of y?
2, 5
Let i(t) = t**2 - 6*t - 25. Let h be i(8). What are the prime factors of 30/h*(-216)/4?
2, 3, 5
Let g(p) = 4*p. Let y(h) = 9*h - 1. Let w(c) = 7*g(c) - 3*y(c). Let l be w(0). Suppose 3*a + a = l*j + 30, j = 2. What are the prime factors of a?
3
Let x(t) = -t**3 - 8*t**2 - 2*t - 12. Let n be x(-8). Let l(a) = -a + 19. List the prime factors of l(n).
3, 5
Let x(b) = -3*b**2 - 1. Let u(k) = 4*k**2 + k + 1. Let m(i) = 4*u(i) + 5*x(i). Let p be m(-6). Suppose p*c = 15*c - 12. List the prime factors of c.
3
Let t be ((-14)/(-21))/((-1)/3). Let z(f) = f**3 - f**2 - 5*f - 2. Let u be z(t). Let h = u + 20. What are the prime factors of h?
2
Let z be 1940/65 - 2/(-13). Let a be z/(-4)*56/10. What are the prime factors of 2/7 + (-1794)/a?
43
Let t(n) be the second derivative of n**4/12 + n**3/2 - 11*n**2/2 + 14*n. Suppose -5*i - 2*o - 30 = 0, 0 = -5*o + 28 - 3. List the prime factors of t(i).
29
Let x(o) = -o**3 - 5*o**2 + 3*o + 7. Let m be (-1)/3 + (-180)/27. List the prime factors of x(m).
2, 3, 7
List the prime factors of (25/10 - 3)*(1 - 1085).
2, 271
Let y(n) be the first derivative of -n**4/2 - 5*n**3/3 - 3*n**2 - 4*n - 16. What are the prime factors of y(-2)?
2
Suppose 0 = 2*f + 4, 5*n + 5*f = 8*f + 86. What are the prime factors of n?
2
Let q = 19 + -19. Suppose -4*v + q*j + 2*j = 0, -4*v - 2*j = 16. Let m = v - -7. List the prime factors of m.
5
List the prime factors of (32/80)/(3/1905).
2, 127
Let w(u) = u**3 - 28*u**2 - 34*u - 224. List the prime factors of w(32).
2, 3, 29
Let p = 9 + -27. Let x(o) = o**3 + 5*o**2 + o - 3. Let q be x(-4). Let i = q - p. What are the prime factors of i?
3
Let t(z) = 4*z - 3. Let k be 121/7 - (-10)/(-35). Suppose 2*g = 3*b + k, 2*g = 6*g - 4*b - 32. What are the prime factors of t(g)?
5
Let q(u) = -u - 7 + 19 - 2 - 3. What are the prime factors of q(-16)?
23
Suppose -3*k = -7*k + 2*y + 12, 0 = 3*k - 3*y - 3. Suppose 0 = -s + 5*h + 16, 2*s = k*h - 4 + 31. What are the prime factors of s?
11
Suppose 0*k = 4*k. Suppose 0 = -5*w + 4*w + 2. Suppose n = -t - w*t + 16, -n - 4*t + 14 = k. What are the prime factors of n?
2, 11
Let z(m) = -m**2 + 2*m**3 - 3*m**2 - 5*m + m**2 + m**2 - 2. Let p be z(4). Let v = -49 + p. List the prime factors of v.
5
Let x(y) be the first derivative of -y**4/2 - 7*y**3 + 5*y**2/2 + 8*y - 23. List the prime factors of x(-11).
2, 37
Suppose 0 = -4*a + 4*k + k - 8, 0 = -4*k. Let j be (a/(6/3))/1. List the prime factors of 9/2*(-4)/j.
2, 3
Let n(p) = 5*p**2 + 9*p - 9. What are the prime factors of n(-10)?
401
Let v(q) be the second derivative of -q**4/12 + 13*q**3/6 + 3*q**2/2 - 27*q. Suppose 0 = -4*j + 42 + 2. List the prime factors of v(j).
5
Let n be 23208/30*30/4. Let p be n/102 + 6/51. Suppose -5*f + 3 = -p. List the prime factors of f.
2, 3
Suppose q + 5*p - 395 = -q, -5*p = 15. List the prime factors of q.
5, 41
Suppose -r + 420 = -5*r. List the prime factors of (-3927)/r + ((-6)/(-10) - 1).
37
Let d = -409 + 695. What are the prime factors of d?
2, 11, 13
Suppose 27*u - 128487 - 789 = 0. What are the prime factors of u?
2, 3, 7, 19
Suppose 3*p = -5*y + 12325, -3*y - 37*p + 7409 = -38*p. What are the prime factors of y?
2, 617
Suppose -v - 3*v + 4*w = -4176, 5*v - 5256 = -4*w. What are the prime factors of v?
2, 131
Suppose p - g + 0 = 9, -3*p - 2*g = -7. Suppose -4*f - 2*r + 7*r = -419, 5*f - p*r = 530. What are the prime factors of f?
3, 37
Suppose -14*d + 268 = -12. What are the prime factors of 3/12 - (-2475)/d?
2, 31
Let z(q) = 3*q. Let g(r) = 2*r**2 - 3*r - 1 + 1 - 3*r + 2. Let d be g(4). List the prime factors of z(d).
2, 3, 5
Let v = 91 + -19. Let q = 138 - v. What are the prime factors of q?
2, 3, 11
Let l(u) = 3*u + 2. Let w(n) = 3*n + 1. Let x be 15*2*(-3)/(-15). Let f(o) = x*l(o) - 7*w(o). List the prime factors of f(-4).
17
Let j(y) = 847*y**2 - 7*y + 6. List the prime factors of j(1).
2, 3, 47
Let i(l) = 53*l**2 - 43*l + 263. What are the prime factors of i(7)?
3, 853
Let f(y) be the third derivative of y**8/20160 + 13*y**6/360 + y**5/60 + 7*y**2. Let x(k) be the third derivative of f(k). List the prime factors of x(0).
2, 13
Let a(u) = 3*u - 15. Let k be a(6). Let y be k*-1*(-3)/(-9). What are the prime factors of 2576/64 - y/(-4)?
2, 5
Let m = 0 + 6. What are the prime factors of ((-243)/m)/(12/(-16))?
2, 3
Suppose -2*f - 3600 = -4*r, 4*f - 34 = -18. What are the prime factors of r?
2, 11, 41
Let s = 12 - 10. Suppose s*z - 4*n = 5*z - 4642, -3*z - n = -4657. List the prime factors of z/49 + 4/14.
2
Let i(z) = 21*z**2 + 11*z + 21. What are the prime factors of i(7)?
7, 23
Let x(a) be the second derivative of -299*a**3/2 + a**2/2 - 8*a. Let l be x(-1). List the prime factors of 8/44 + l/22.
41
Let b = -302 - -505. What are the prime factors of b?
7, 29
Let q be (14/6)/(1/3). Suppose -q*h + 16 = -3*h. Let b = h + 1. List the prime factors of b.
5
Suppose 244*f - 12 = 242*f. Let g(m) = 4*m + 18. List the prime factors of g(f).
2, 3, 7
Suppose 23*q - 15140 = 23730. List the prime factors of q.
2, 5, 13
Let p(h) = -h**3 + 10*h**2 - 3*h + 13. Let m be p(10). Let v = 45 - m. What are the prime factors of v?
2, 31
Let v = -39 + 21. Let i = v - -18. Suppose i*l = -l + 43. List the prime factors of l.
43
Let h = 678 - 237. List the prime factors of h.
3, 7
Suppose -21 = -3*u + 12. Let h be 20/u + (-4)/(-22). Suppose -216 = -h*o - 2*o. List the prime factors of o.
2, 3
Suppose -8088 = 79*f - 83*f. What are the prime factors of f?
2, 3, 337
Let t(m) = 1404*m - 2. List the prime factors of t(1).
2, 701
Let a be 97/4 + (-6)/24. Suppose -3*v + a = -2*v. What are the prime factors of v*(0 + (-8)/(-12))?
2
Let l be -3*6/9 + 282. Let s = -160 + l. What are the prime factors of s?
2, 3, 5
Let y(t) = 6*t**2 + 10*t + 6*t**2 - t**3 + 17 - 6 - 2*t**2. Let r be y(11). What are the prime factors of 7 - (6/2 - r)?
2
Suppose -u - 4*u = -150. Suppose 48 = 3*r - u. List the prime factors of r.
2, 13
Let l = 99 - 101. What are the prime factors of l/((-10)/15*-1)*-83?
3, 83
Let y = -39 + 65. Let n(q) = -q**3 + q + 94. Let l be n(0). Suppose -y = -5*c + 4*c - 3*h, -5*c + 3*h = -l. List the prime factors of c.
2, 5
Let x(l) = -2*l**3 + 3*l**2 - 2. Let q be x(2). What are the prime factors of (-284)/q - (-3)/(-9)?
47
Suppose -2*q - 62*j + 1312 = -59*j, -2616 = -4*q - 4*j. List the prime factors of q.
2, 5, 13
Let p be 1*125 + 5/(-5). Suppose 0 = 4*i - p + 36. Suppose -5*w + 2*u = -3*u - 60, u + i = 2*w. List the prime factors of w.
2, 5
Let l(s) = -41*s**2. Let t be l(1). Let m = -2 - t. What are the prime factors of m?
3, 13
Suppose 0 = -5*x + 7*x + 12. What are the prime factors of 238/6 + x/9?
3, 13
Let j be -3*(-3 - (-26)/3). Let x(p) = -2*p + 7. Let a be x(j). Suppose -17 = 2*k - 2*n - a, 3 = -3*n. What are the prime factors of k?
11
Let r be (-4)/22 - (-732)/33. Let s be 1/((-7)/(-3) - 2). Suppose -r = s*y - 61. List the prime factors of y.
13
Let f(d) = 4*d - 5. Let x be f(5). Suppose -2*t = -5*t + x, -4*z + t + 19 = 0. Let n = 13 + z. What are the prime factors of n?
19
Let u = -1321 + 7366. What are the prime factors of u?
3, 5, 13, 31
Suppose -4*r - 110 = 62. Let y = -137 - -197. Let l = r + y. What are the prime factors of l?
17
What are the prime factors of (-11)/(264/(-108))*226?
3, 113
Let i(v) = 2*v - 13. Let t be i(10). Suppose 5*g = 2*l - t*l + 210, 0 = 4*l. Suppose -z = z - g. What are the prime factors of z?
3, 7
Suppose 0 = 23*r + 186 - 3268. Let d = r - 130. List the prime factors of d.
2
Let i(l) = l**3 + l**2 - l. Let t(n) = -9*n + 3. Let x be t(1). Let q(k) = k**3 + 2*k**2 - k. Let b(m) = x*i(m) + 5*q(m). What are the prime factors of b(3)?
2, 3
Let n be (-2)/4*1/1*-14. Let c(l) be the first derivative of -l**4/4 + 7*l**3/3 + 2*l**2 + l - 1. List the prime factors of c(n).
29
Suppose -3*p = -6, 5*p - 624 = 5*o - 3534. List the prime factors of o.
2, 73
What are the prime factors of (509/(-2))/((-903)/(-42) - 22)?
509
Let i be 3/5 - (-3140)/(-25). Let u = i + 37